{"id":2960,"date":"2019-10-09T09:03:25","date_gmt":"2019-10-09T12:03:25","guid":{"rendered":"https:\/\/impulsoautomacao.com.br\/site\/?post_type=product&#038;p=2960"},"modified":"2019-10-09T09:03:25","modified_gmt":"2019-10-09T12:03:25","slug":"balanca-etiquetadora-balmak-orion","status":"publish","type":"product","link":"https:\/\/www.impulsoautomacao.com.br\/site\/produto\/balanca-etiquetadora-balmak-orion\/","title":{"rendered":"Balan\u00e7a Etiquetadora Balmak \u00d3rion"},"content":{"rendered":"<p>Potente e acess\u00edvel para o pequeno e o grande varejo.<\/p>\n<p>A \u00d3RION \u00e9 o produto ideal para pesagem e rotulagem na venda direta e\/ou na pr\u00e9-embalagem de itens comercializados por peso ou quantidade, em todos os tipos de estabelecimentos dos segmentos atacadista e varejista, seja qual for o seu tamanho.<\/p>\n<p>Caracter\u00edsticas tecnol\u00f3gicas e de constru\u00e7\u00e3o marcantes do projeto, al\u00e9m de um design arrebatador, tornam a balan\u00e7a imbat\u00edvel quando comparada \u00e0 concorr\u00eancia.<\/p>\n<p>A \u00d3rion \u00e9 flex\u00edvel e revolucion\u00e1ria, resultado da parceria da BALMAK com a DIBAL, um dos fabricantes de maior relev\u00e2ncia mundial em balan\u00e7as e equipamentos para pesagem e rotulagem.<\/p>\n<p><strong>Caracter\u00edsticas:<\/strong><\/p>\n<p>&#8211; Capacidade m\u00e1xima: 30kg<\/p>\n<p>&#8211; Capacidade da mem\u00f3ria: 4.000 itens com descritivo de 2 linhas com 20 caracteres por linha<\/p>\n<p>&#8211; Comunica\u00e7\u00e3o em rede: Ethernet<\/p>\n<p>&#8211; Teclado QWERTY: Sim<\/p>\n<p>&#8211; Formatos de etiquetas: De 30\u00d730 at\u00e9 60x100mm<\/p>\n<p>&#8211; Padr\u00e3o de c\u00f3digo de barras dispon\u00edvel: EAN 13<\/p>\n<p>&#8211; C\u00f3digo Smiley: Sim<\/p>\n<p>&#8211; N\u00ba de teclas r\u00e1pidas de atalho: 98, sendo 49 na primeira fun\u00e7\u00e3o e 49 na segunda<\/p>\n<p>&#8211; Classe de exatid\u00e3o: Classe III<\/p>\n<p>&#8211; Cabe\u00e7a t\u00e9rmica 8 pontos por mil\u00edmetros, com velocidade de impress\u00e3o\u00a0 de 100mm por segundo<\/p>\n<p>&#8211; Dimens\u00e3o da Balan\u00e7a:<\/p>\n<p>Plana: 16cm (A) | 36,5cm (L) | 44cm (P)<br \/>\nTorre: 53cm (A) | 36,5cm (L) | 44cm (P)<br \/>\nDimens\u00e3o do prato: 36cm (A) | 26,5cm (L)<\/p>\n<p>&#8211; Divis\u00e3o Tr\u00edplice Escala:<\/p>\n<p>2g de\u00a0 \u00a00,000 kg at\u00e9\u00a0 \u00a06,000 kg<br \/>\n5g de\u00a0 \u00a06,005 kg at\u00e9 15,000 kg<br \/>\n10g de 15,010 kg at\u00e9 30,000 kg<\/p>\n<p>&#8211; Imagens\/figuras para associa\u00e7\u00e3o por item: At\u00e9 40 imagens\/figuras<\/p>\n<p>&#8211; Display: SUPERLUX, LCD High Definition, retroiluminado com 3 linhas<\/p>\n<p>&#8211; Porta RS: Sim<\/p>\n<p>&#8211; Informa\u00e7\u00e3o Nutricional: At\u00e9 4000 itens, program\u00e1veis<\/p>\n<p>&#8211; Op\u00e7\u00f5es de fun\u00e7\u00f5es de busca de itens: Tecla r\u00e1pida (atalho), dispon\u00edvel acesso at\u00e9 999 itens por digita\u00e7\u00e3o de 3 d\u00edgitos, c\u00f3digo do item 6 d\u00edgitos e por digita\u00e7\u00e3o do NOME DO ITEM<\/p>\n<p>&#8211; Venda de glaciados: Sim<\/p>\n<p>&#8211; Formatos dispon\u00edveis: Plana e Torre<\/p>\n<p>&#8211; Capacidade de tara: 5,998 KG<\/p>\n<p>&#8211; Alimenta\u00e7\u00e3o El\u00e9trica: Bivolt autom\u00e1tico<\/p>\n<p>&#8211; Constru\u00e7\u00e3o do Corpo:<br \/>\nBase\/plataforma: alum\u00ednio injetado Gabinete: pl\u00e1stico ABS injetado de alta resist\u00eancia<br \/>\nPrato de pesagem: a\u00e7o inoxid\u00e1vel AISI-304 (+pl\u00e1stico)<\/p>\n<p>&#8211; Peso do produto Plana:\u00a0 8,50kg | Torre: 9,50kg<\/p>\n<p>&#8211; Modo Comanda: Sim<\/p>\n<p>&#8211; Consumo: 34 a 82W (Durante a impress\u00e3o)<\/p>\n","protected":false},"excerpt":{"rendered":"A \u00d3RION \u00e9 o produto ideal para pesagem e rotulagem na venda direta e\/ou na pr\u00e9-embalagem de itens comercializados por peso ou quantidade, em todos os tipos de estabelecimentos dos segmentos atacadista e varejista, seja qual for o seu tamanho.","protected":false},"featured_media":2961,"template":"","meta":[],"yst_prominent_words":[],"_links":{"self":[{"href":"https:\/\/www.impulsoautomacao.com.br\/site\/wp-json\/wp\/v2\/product\/2960"}],"collection":[{"href":"https:\/\/www.impulsoautomacao.com.br\/site\/wp-json\/wp\/v2\/product"}],"about":[{"href":"https:\/\/www.impulsoautomacao.com.br\/site\/wp-json\/wp\/v2\/types\/product"}],"wp:featuredmedia":[{"embeddable":true,"href":"https:\/\/www.impulsoautomacao.com.br\/site\/wp-json\/wp\/v2\/media\/2961"}],"wp:attachment":[{"href":"https:\/\/www.impulsoautomacao.com.br\/site\/wp-json\/wp\/v2\/media?parent=2960"}],"wp:term":[{"taxonomy":"yst_prominent_words","embeddable":true,"href":"https:\/\/www.impulsoautomacao.com.br\/site\/wp-json\/wp\/v2\/yst_prominent_words?post=2960"}],"curies":[{"name":"wp","href":"https:\/\/api.w.org\/{rel}","templated":true}]}}